e b(9).
555
Let h(u) = -u**3 - 78*u**2 + 156*u - 321. What is h(-80)?
-1
Let l(i) = -70*i + 816. Determine l(11).
46
Let n(q) = 5*q**2 - 209*q + 383. Determine n(40).
23
Let u(t) = 194*t**2 - 36*t - 83. Calculate u(-2).
765
Let t(q) = q**3 + 37*q**2 - 54*q - 4335. Calculate t(-35).
5
Let k(q) = 2*q**3 - 60*q**2 + 59*q - 29. Calculate k(29).
0
Let s(k) = -4*k**3 - 8*k**2 - 4*k + 2. Give s(4).
-398
Let a(b) = -236*b + 8961. What is a(38)?
-7
Let i(q) = q**2 + 188*q - 3047. Determine i(15).
-2
Let d(y) = -12*y**2 + 199*y - 11. Determine d(20).
-831
Let b(k) = -164*k**2 - 24598*k + 278. Determine b(-150).
-22
Let f(c) = -c**2 + 44*c + 2736. Calculate f(-34).
84
Let o(x) = x**3 - 54*x**2 + 72*x - 900. Calculate o(53).
107
Let h(m) = -m**3 - 2*m**2 + 1467*m - 889. Calculate h(37).
-1
Let x(w) = 2*w**2 + 75*w - 114. What is x(-39)?
3
Let w(z) = -36*z**2 - 129*z + 23. Give w(-4).
-37
Let w(q) = q**3 + 43*q**2 + 161*q - 131. Calculate w(-5).
14
Let w(p) = -9*p**2 + 6*p - 21. What is w(3)?
-84
Let x(l) = -5*l**3 + 7*l**2 - 366*l - 373. What is x(-1)?
5
Let q(u) = -448*u - 469. Calculate q(-1).
-21
Let a(k) = 2*k**2 + 183*k - 658. Calculate a(-95).
7
Let p(d) = -3*d**3 + 106*d**2 - 37*d + 66. Give p(35).
-4
Let n(z) = -41*z - 3. What is n(-10)?
407
Let b(l) = -17*l**2 - 14*l + 2. Determine b(3).
-193
Let y(j) = j**3 - 43*j**2 - 86*j - 184. Give y(45).
-4
Let v(d) = -d**3 + 3*d**2 + 102*d + 57. Determine v(12).
-15
Let a(j) = -5717*j - 22879. Calculate a(-4).
-11
Let k(x) = -x**2 - 22*x + 126. What is k(4)?
22
Let r(g) = 7*g**2 - 14*g - 191. Determine r(-8).
369
Let g(c) = -c**3 - 47*c**2 - 105*c + 1214. Calculate g(-44).
26
Let d(c) = -c**2 - 68*c - 680. Determine d(-56).
-8
Let i(u) = -2*u**2 - 2*u - 1. Determine i(-2).
-5
Let w(i) = 16*i - 13. Give w(17).
259
Let j(x) = 30*x**3 + 180*x**2 - 7*x - 33. Calculate j(-6).
9
Let h(x) = -7440*x + 193433. Calculate h(26).
-7
Let g(j) = -2*j**3 + j**2 + 38*j + 37. Determine g(5).
2
Let c(t) = -14*t + 266. What is c(19)?
0
Let y(t) = 2*t**2 - 12*t - 18. What is y(-2)?
14
Let w(r) = -25*r**2 + 776*r - 42. What is w(31)?
-11
Let q(k) = -1413*k + 125. What is q(0)?
125
Let k(w) = 100*w + 5392. What is k(-54)?
-8
Let r(w) = -230*w - 1611. Determine r(-7).
-1
Let n(r) = -8*r**3 + 584*r**2 - r + 83. Determine n(73).
10
Let w(s) = s**3 + 41*s**2 - 91*s - 360. Calculate w(-43).
-145
Let b(y) = 3*y**2 + 28*y + 17. What is b(-3)?
-40
Let k(q) = -351*q + 934. Give k(3).
-119
Let x(m) = m**2 - 16*m - 34. Calculate x(16).
-34
Let b(x) = 37*x**2 - 357*x - 136. Determine b(10).
-6
Let a(y) = -40*y + 203. Give a(6).
-37
Let q(y) = y**2 + 11*y - 12. Give q(6).
90
Let k(o) = 89*o**2 + 9612*o - 14. Calculate k(-108).
-14
Let m(n) = 7*n - 166. Calculate m(19).
-33
Let k(b) = 71*b + 12836. What is k(-181)?
-15
Let f(u) = u**2 - 232*u - 2659. Give f(-11).
14
Let b(q) = -1319*q - 18447. Determine b(-14).
19
Let z(j) = j**2 - 1888*j + 5664. Give z(3).
9
Let a(d) = -124*d + 648. What is a(6)?
-96
Let k(j) = -j**3 + 18*j**2 - 77*j - 20. What is k(7)?
-20
Let n(p) = -2*p**2 - 7*p + 5. Give n(-8).
-67
Let r(j) = 51*j - 671. Determine r(13).
-8
Let u(n) = 4*n**3 - 78*n**2 - 138*n + 1968. Give u(20).
8
Let p(h) = 43*h**2 - 337*h + 1687. Give p(5).
1077
Let s(g) = 41*g + 1915. What is s(-47)?
-12
Let b(y) = 14*y - 278. Give b(15).
-68
Let v(r) = -219*r + 8315. Determine v(38).
-7
Let p(n) = n**3 + n**2 - 5*n + 83. Determine p(-5).
8
Let a(y) = -12*y**2 - 40*y - 153. Calculate a(-4).
-185
Let w(g) = g**3 + 11*g**2 + 12*g + 28. What is w(-10)?
8
Let k(u) = u**3 + 107*u**2 + 1672*u - 7. Give k(-88).
-7
Let x(q) = -119*q + 167. What is x(3)?
-190
Let l(d) = -181*d + 36748. Determine l(203).
5
Let i(u) = u**3 - 12*u**2 - 12*u - 46. Calculate i(13).
-33
Let o(i) = -8*i**3 + 19*i**2 - 43*i + 255. What is o(6)?
-1047
Let a(x) = 32*x + 781. Give a(-23).
45
Let m(h) = 42*h**2 + 2561*h - 67. Give m(-61).
-6
Let l(d) = -3*d**2 - 111*d - 803. What is l(-10)?
7
Let z(q) = 10*q**3 - 75*q**2 + 42*q - 3. Give z(4).
-395
Let n(u) = -48*u + 123. Calculate n(0).
123
Let z(i) = 2*i**3 - 50*i**2 + 116*i - 573. Give z(23).
-21
Let c(p) = -3*p**2. Give c(3).
-27
Let q(p) = 227*p + 18394. What is q(-81)?
7
Let h(s) = 3*s**3 - 46*s**2 - 26*s - 97. Calculate h(16).
-1
Let y(m) = -m**2 + 11*m - 13. What is y(11)?
-13
Let s(q) = -2*q**3 - 77*q**2 + 42*q + 125. Determine s(-39).
8
Let b(j) = -113*j + 575. Calculate b(5).
10
Let n(y) = -y**3 - 67*y**2 + 70*y - 282. Give n(-68).
-418
Let m(p) = 85*p - 858. Give m(10).
-8
Let l(q) = -q**3 - 23*q**2 - 33*q + 170. Calculate l(-21).
-19
Let a(c) = 16*c + 539. Give a(-33).
11
Let s(k) = 8*k**2 + 7*k + 41. Determine s(0).
41
Let l(i) = 4*i**2 + 38*i + 33. What is l(-15)?
363
Let o(z) = 2*z**3 + 17*z**2 - 4*z - 5. Calculate o(-9).
-50
Let q(n) = -5*n**2 + 5*n - 21. Give q(-6).
-231
Let b(j) = -j**3 - 15*j**2 - 2*j + 37. Determine b(-12).
-371
Let z(k) = 4*k**2 - 115*k + 841. Determine z(18).
67
Let k(g) = -78*g + 123. Determine k(2).
-33
Let p(u) = -86*u - 103. Calculate p(-5).
327
Let b(v) = -v**2 - 80*v - 1392. Give b(-54).
12
Let v(l) = -3*l**3 + 97*l**2 - 33*l + 32. What is v(32)?
0
Let s(u) = -156*u + 2311. What is s(19)?
-653
Let s(j) = 16367*j - 98203. Determine s(6).
-1
Let s(h) = 409*h - 373. Give s(1).
36
Let k(f) = f**2 + 16*f + 3. Determine k(-14).
-25
Let o(k) = -96*k + 131. Give o(0).
131
Let c(o) = o**2 - 206*o + 8853. Calculate c(61).
8
Let v(u) = u**2 - 67*u + 314. Calculate v(5).
4
Let b(x) = 52798*x - 105595. Determine b(2).
1
Let b(p) = -43*p - 171. Give b(-10).
259
Let j(p) = 26*p + 603. What is j(-21)?
57
Let p(o) = 2*o**3 + 49*o**2 + 72*o + 26. What is p(-23)?
-43
Let c(j) = -4*j**2 + 216*j - 2600. Calculate c(36).
-8
Let f(i) = -302*i - 2611. Give f(-8).
-195
Let r(x) = -7*x**3 - 462*x**2 - 4*x - 258. Determine r(-66).
6
Let u(d) = 47*d - 1470. Calculate u(31).
-13
Let f(u) = -2*u**2 + 6*u + 5. Calculate f(11).
-171
Let j(g) = g**3 + 15*g**2 - 27*g - 189. What is j(-16)?
-13
Let h(m) = -189*m - 1608. Give h(-9).
93
Let v(o) = -5*o + 394. Determine v(77).
9
Let m(k) = k**3 + 49*k**2 - 56*k - 537. What is m(-50)?
-237
Let f(i) = -121*i + 12570. Give f(104).
-14
Let o(q) = -2*q**3 + 11*q**2 + 2*q + 23. What is o(6)?
-1
Let a(h) = -5*h**2 + 174*h + 518. Calculate a(-3).
-49
Let i(g) = -g**2 + 204*g - 4642. Give i(26).
-14
Let w(n) = -n**2 + 1626*n + 3256. What is w(-2)?
0
Let g(c) = -29*c**2 + 54*c + 54. Give g(-1).
-29
Let w(a) = 82*a**2 - 42*a + 78. Give w(2).
322
Let m(l) = l**3 + 9*l**2 - 4*l - 5. Calculate m(-6).
127
Let l(r) = 4*r**2 + 398*r + 178. Give l(-99).
-20
Let y(r) = r + 138. Determine y(16).
154
Let g(q) = 13*q - 514. Determine g(42).
32
Let j(k) = -1435*k - 2859. Determine j(-2).
11
Let n(c) = c**3 + 3*c**2 + 5*c + 11. Calculate n(-4).
-25
Let i(w) = w**2 + 728*w + 4326. Calculate i(-6).
-6
Let z(f) = 4004*f + 80077. Determine z(-20).
-3
Let y(t) = -17*t**2 - 337*t + 43. Give y(-20).
-17
Let n(r) = 124*r - 1056. What is n(8)?
-64
Let v(o) = 11*o - 397. Calculate v(44).
87
Let o(z) = 314*z - 3460. Give o(11).
-6
Let g(i) = i**2 - 61*i - 325. Determine g(-9).
305
Let v(a) = a**3 - 14*a**2 - 3*a - 13. Give v(13).
-221
Let q(n) = -841*n + 10932. What is q(13)?
-1
Let v(h) = -h**2 + 23*h + 87. Calculate v(26).
9
Let p(g) = -g**3 - 473*g**2 - 3264*g - 5. What is p(-7)?
9
Let m(t) = 162*t + 772. Determine m(-5).
-38
Let w(g) = g**2 - 45*g - 54. Calculate w(41).
-218
Let l(x) = 5*x**2 - 4*x - 50. Determine l(-4).
46
Let r(d) = 6*d**2 + 59*d - 330. Calculate r(5).
115
Let i(w) = 5*w**2 + 354*w - 828. What is i(-73)?
-25
Let l(k) = -k**2 - 96*k + 509. Calculate l(5).
4
Let i(d) = -2*d**3 - 10*d**2 - 785*d - 3944. Give i(-5).
-19
Let v(g) = -4*g - 161. What is v(7)?
-189
Let s(d) = -d**3 + 28*d**2 - 55*d + 49. Determine s(26).
-29
Let i(q) = -6*q + 63. Give i(-5).
93
Let q(g) = g**3 - 9*g**2 + 3*g + 44. What is q(8)?
4
Let c(q) = 141*q + 180. What is c(-1)?
39
Let j(r) = -95*r - 400. What is j(-4)?
-20
Let t(x) = 587*x + 56942. Give t(-97).
3
Let u(y) = 15*y - 1189. Give u(78).
-19
Let t(o) = -363*o + 1461. Calculate t(4).
9
Let o(r) = r**3 + 9*r**2 - 21*r - 24. What is o(-9)?
165
Let x(p) = 35*p - 9. What is x(3)?
96
Let u(p) = 2*p**2 + 13*p - 468. What is u(-19)?
7
Let b(j) = -3*j**3 - 105*j**2 - 2